ppose 2*p = -4*l - p + 311, 2*l - 154 = -2*p. What is the highest common divisor of 16 and l?
16
Suppose 106 = 12*y - 3770. Calculate the highest common divisor of 19 and y.
19
Let x = 13 + -11. Let v be (x/6 - 0)/(4/180). What is the highest common divisor of v and 20?
5
Let m be (1/((-2)/18))/(-1). Suppose 4*v = 65 + 187. What is the greatest common factor of v and m?
9
Let u = 46 - -27. Let v = 43 - u. Let s be 4/v + 137/15. Calculate the highest common factor of 45 and s.
9
Let r = -50 + 60. What is the greatest common divisor of r and 610?
10
Let d be (-2)/(2*(-3)/(-12)) - -10. Suppose 4*u + 16 = 5*c - d, -c - 1 = u. Calculate the greatest common divisor of c and 8.
2
Let v = 27 - 16. Let t(p) = p**2 - 11*p + 10. Let k be t(v). Let y = -8 + k. What is the highest common divisor of 2 and y?
2
Let v = 540 - 528. What is the highest common divisor of v and 276?
12
Let j(a) = 19*a - 85. Let t be j(12). Let z(b) = -3*b**2 - 2 - 2*b**2 + 0*b**2 + 6*b**2 - 2*b. Let x be z(-3). Calculate the greatest common divisor of x and t.
13
Suppose 5*q - 22 = 3. Suppose -y + 31 - 12 = 0. Suppose -2*s - 11 = -4*s - r, -q*r = -2*s - y. Calculate the greatest common divisor of 1 and s.
1
Let v = -46 - -48. Suppose 5*d + 3*p - 344 = 0, 2*d - 214 = -d + v*p. Suppose -29 = 4*u - 69. Calculate the highest common divisor of d and u.
10
Suppose -2*q = -3*s - 4, -8*q - 3*s = -3*q - 10. Let x = q - 1. Suppose 5*m + 2*w - 18 = w, -14 = -3*m + w. Calculate the highest common factor of m and x.
1
Suppose m = 6*m + 5*r - 1945, r = -4*m + 1565. What is the greatest common divisor of 56 and m?
56
Suppose 5*y = v + 6, 0*v - 2*y = 2*v - 12. Let d(i) = -i**3 + 3*i**2 + 6*i - 6. Let t be d(v). What is the highest common divisor of t and 10?
2
Let w = -31 - -21. Let r = w - -28. Let t(n) = -n**3 + 11*n**2 + 14*n - 152. Let z be t(11). What is the highest common factor of z and r?
2
Suppose 3 = 4*c - 5. Let i(g) = -g**2 - 13*g - 12. Let q be i(-9). Suppose z + z = q. What is the greatest common divisor of z and c?
2
Let f = -764 + 778. Let w = 4 - -3. Calculate the greatest common divisor of w and f.
7
Let r be 10*(-1)/(-6)*(-15)/(-5). Let a be ((-40)/3)/r*(-9)/2. Calculate the greatest common divisor of a and 48.
12
Let a(r) = -2*r - 13. Let j(y) = -y - 7. Let w be (-1 + 4)/3*5. Let n(m) = w*j(m) - 3*a(m). Let u be n(-2). What is the greatest common factor of u and 2?
2
Let d be 1*(4 + -1)*1. Suppose 4*r = -5*u + r + 1051, d*u - 645 = 3*r. Let s be 16/(-104) - u/(-26). What is the highest common factor of 80 and s?
8
Suppose 0*k + 4*w = -5*k + 6401, -5*w = -2*k + 2567. Calculate the highest common factor of 7 and k.
7
Suppose 29*y = 28*y + 360. Calculate the greatest common factor of y and 60.
60
Let p = 20 + 1. What is the highest common divisor of 21 and p?
21
Let s(k) = 6*k**2 - 17*k. Suppose f = -2*v - 4*f + 14, 5*f = -4*v + 28. Let m be s(v). What is the greatest common divisor of m and 70?
35
Let p = -406 - -446. Calculate the greatest common factor of p and 152.
8
Suppose -3*x + 5*u = 2*x - 250, 2*x = 5*u + 112. Suppose 2*a + 3*a - h = 344, -5 = -5*h. What is the highest common factor of a and x?
23
Suppose 16 = -q + 5*q, 8 = y + q. Suppose 16 + 0 = 4*l - y*m, -10 = -2*l + 4*m. Suppose -f = l*f - 64. What is the highest common divisor of f and 4?
4
Let i(l) = -20*l - 786. Let h be i(-42). Calculate the highest common divisor of 594 and h.
54
Let f be 2/6 - (-16 - (-4960)/(-6)). What is the highest common divisor of f and 3?
3
Suppose 5*r - 295 = -u, -4*r + 2*u = -2*u - 260. Let n be ((-2)/4)/(7/(-686)). Suppose 71 = 6*c - n. Calculate the greatest common factor of c and r.
20
Let s = 16 + 60. Let p(z) = 11*z**2 + 13*z + 1. Let j be p(-2). Calculate the highest common factor of j and s.
19
Let v(l) = 2*l**3 - 2*l**2 - 3*l + 2. Let o be v(2). Let a be 140/77 - o/(-22). Let c be ((-16)/(-5))/(a/10). What is the highest common factor of c and 40?
8
Let j(f) = f**2 + 2*f - 1. Let h be j(1). Let x be 6/(-12) - 5/h. Let o be ((-1)/x)/(9/324). Calculate the greatest common divisor of o and 12.
12
Suppose -28*c - c = -1972. What is the greatest common divisor of 12 and c?
4
Suppose 4*v - 161 = 5*c, v + c - 7 = 40. What is the greatest common divisor of 572 and v?
44
Suppose 8*b = -7*b + 4455. What is the highest common factor of 11 and b?
11
Let r = -14 + 17. Suppose 9 = -o - r. Let s be (-3)/o - (-198)/8. What is the greatest common factor of 5 and s?
5
Suppose 4*r + 7 = -5, 2*u - 4*r = 16. Suppose 21 = u*s - 135. Calculate the greatest common factor of 52 and s.
26
Let k = 12 - 15. Let n = 11 + k. Calculate the highest common factor of 88 and n.
8
Suppose -4*m + 4*g = -48, -3*m + 8 = -m + 2*g. Let z = 5 - 10. Let v(u) = -u**3 - 6*u**2 - 6*u + 7. Let i be v(z). What is the highest common factor of i and m?
4
Let r(w) = 27*w**2 - 10*w - 30. Let p be r(-4). What is the greatest common factor of 102 and p?
34
Let p(t) = -14*t**3 - 7*t**2 - 6*t + 1. Let b be p(-1). Let c = 84 + 70. What is the highest common factor of c and b?
14
Suppose -n - 38 + 102 = 0. Let o = 13 - -6. Let a = o - 11. What is the greatest common divisor of a and n?
8
Suppose 24 = -6*r + 9*r. What is the greatest common divisor of 184 and r?
8
Suppose 5*n - 10*r + 6*r - 98 = 0, 2*n = 3*r + 42. Calculate the greatest common factor of 24 and n.
6
Let x be -3 - (-1 + 7)*-2. Calculate the greatest common divisor of 24 and x.
3
Let o(c) = -2*c**2 - 43*c - 69. Let u be o(-16). Calculate the greatest common factor of u and 2889.
107
Suppose -4*r = 5*t - 205, -3*r + 2*t - 7 + 178 = 0. What is the greatest common factor of r and 55?
55
Let r(w) be the second derivative of 4/3*w**3 + 6*w**2 - 1/12*w**4 + 0 - 7*w. Let b be r(9). Calculate the greatest common factor of b and 15.
3
Let q(v) = -2*v**2 + 26*v - 1. Let c be q(11). What is the greatest common divisor of c and 129?
43
Suppose 4 = -b - 1. Let h be (81/(-6))/(b/30). What is the greatest common factor of h and 54?
27
Let n(g) = -g**3 + 3*g**2 - 2*g + 2. Let s be n(3). Let f be -2 - (s/(-4) + -48). Calculate the greatest common factor of f and 18.
9
Let q(o) = -2*o**3 - o**2 - 4. Let x be q(-2). Calculate the greatest common factor of 120 and x.
8
Suppose 11*p - 224 = -3*p. Calculate the highest common factor of 8 and p.
8
Suppose 0 = 7*n - 12*n + 170. Suppose -5*a - b + 1518 = 3*b, 4*a - 1230 = 2*b. Calculate the highest common divisor of n and a.
34
Suppose 130 = 11*c + 53. Suppose 6*v - c*v = -46. Calculate the highest common factor of 23 and v.
23
Suppose -4*f = -2*n + 524 + 328, 0 = 3*n + 5*f - 1245. What is the highest common divisor of n and 126?
42
Suppose -23*h + 6772 = 976. What is the greatest common divisor of 54 and h?
18
Suppose c = -2*c + 30. Let s(o) = o**3 + 12*o**2 - 2*o - 53. Let f be s(-11). Calculate the greatest common divisor of c and f.
10
Let d be 9 + 4 + -2 + -3. Suppose -7*f = -5*f + d. Let v(k) = -k**3 + 4*k + 6. Let p be v(f). Calculate the greatest common divisor of p and 27.
27
Let i be (16/5)/((-6)/(-15)). Let s = -9 + i. Let t = 4 - s. What is the highest common divisor of 55 and t?
5
Suppose 5*o + 2*b - 200 = 0, -5*o + 0*o + 220 = -2*b. Let g(l) = -13*l - 10. Let p be g(-4). What is the highest common factor of o and p?
42
Let i be (-46)/((-3)/18*4)*66/198. Let s = 48 + -2. What is the highest common factor of i and s?
23
Let c(s) = 31*s**2 + 144. Let t be c(0). Calculate the highest common factor of 48 and t.
48
Suppose 0 = -3*d - f - 2*f + 75, 5*d - f = 119. Let i = 6 - -15. Let o = 27 - i. Calculate the greatest common divisor of o and d.
6
Suppose -2*t = -7*t + 75. Let p(v) = -48*v + 181. Let a be p(4). Let h = t + a. Calculate the highest common factor of 36 and h.
4
Let j(r) = 61*r**3 - 3*r**2 - 2*r + 8. Let n be j(2). What is the greatest common divisor of n and 90?
30
Suppose 0 = -2*t - 2*t + 100. Let d(o) = 5*o + 11. Let g be d(0). Let s = t - g. What is the greatest common divisor of s and 154?
14
Suppose -16*t - 162 + 1378 = 0. Calculate the highest common divisor of t and 57.
19
Let p = 134 - -51. Suppose -p = -3*a - 5*v, 0 = -2*a - 4*v - 9 + 135. What is the highest common factor of 11 and a?
11
Let b(y) = -y**2 + 20*y - 27. Let g be b(18). Suppose -g*d = 5*d - 196. Calculate the highest common divisor of d and 49.
7
